4)/(-24) - (-8)/m). Let j = b - 35. What is the tens digit of j?
1
Let k(b) = -20*b**2 - 75*b - 128. Let q(d) = -5*d**2 - 19*d - 32. Let c(r) = 2*k(r) - 9*q(r). What is the hundreds digit of c(-13)?
6
Let z(j) = -j + 2. Let f be z(3). Let q be (-4*(-2 - 494/(-8)))/f. Let t = -121 + q. What is the tens digit of t?
1
Suppose v = -m + 12819, 5*m + 35*v - 64137 = 37*v. What is the hundreds digit of m?
8
Let q(r) = r**3 + 10*r**2 + 9*r + 1. Let v be q(-8). Suppose 3*d + 176 = 185. Suppose -d*u + 4*u - v = 4*f, u - 3*f - 58 = 0. What is the units digit of u?
1
Suppose -5*k = -5*z + 10700, 11*k + 10664 = 5*z + 15*k. What is the thousands digit of z?
2
Let g(t) = -t**3 - 12*t**2 - 9*t - 31. Let a be g(-13). Let h = -182 + a. What is the tens digit of h?
7
Let l = 450 + -450. Suppose l = 7*m + 2122 - 6189. What is the hundreds digit of m?
5
Let z be 6*2*3580/30. Suppose -3*c - z = -4*q, 0*q + 2*q = -5*c + 742. What is the tens digit of q?
6
Let r(q) = -43*q + 1. Suppose 0 = 4*d + 36 - 52. Suppose -12 = 2*c - 2*j, -2*j - 12 = d*c - 3*j. What is the units digit of r(c)?
7
What is the units digit of 10590*(-13)/(-130)*5?
5
Let g = 5213 + 4927. What is the units digit of g?
0
Suppose 0 = 5*t + 583 - 2638. Let h = t - 251. Suppose l = 5*z + h + 22, -782 = -4*l + 2*z. What is the hundreds digit of l?
1
Suppose 72*l - 16434 = -2*g + 68*l, g + 3*l = 8221. What is the units digit of g?
9
Suppose 0 = 89*c - 90*c + 158. Suppose -5*y + 473 = -5*h + c, -y + 83 = 3*h. What is the tens digit of y?
6
Let b = 32493 - 11018. What is the units digit of b?
5
Let a be (-28)/98 - 8676/14. Let r = -279 - a. What is the hundreds digit of r?
3
Let g(h) be the first derivative of 33/4*h**4 + h + 0*h**2 - 5/3*h**3 + 17. What is the units digit of g(2)?
5
Let v(p) = p - 24. Let l be v(27). Suppose -3*w = -5*m - 1412, 0 = -w - 3*w - l*m + 1931. What is the tens digit of w?
7
Let w = 146 + -93. Suppose h = 3*m - m - 18, -3*m = 5*h - w. Let c = m - -152. What is the tens digit of c?
6
Let l = -6019 - -10822. What is the tens digit of l?
0
Suppose -k + 10 = 3*r, 5*k - 2 = -3*r - 0*r. Suppose 69 = -r*s + 265. What is the units digit of 1 + s + -1 + 2?
1
Suppose 0 = -4*j + v - 150, 8*j - 2*v = 4*j - 148. Let k = -1 - j. What is the units digit of k?
7
Let g be 24*4/6 + -2 - 2. Suppose -l = -3*l + g. What is the tens digit of (-2482)/(-51) - 2/(0 - l)?
4
Let c be (80/(-15) - -6)*-6. What is the hundreds digit of c/6 - 401/(-3)?
1
Suppose 45*o - 35*o + 760 = 0. What is the units digit of 38/o - (-7522)/4?
0
Let c be 6/10 - (-610)/25. Suppose -37*h + c = -32*h. Let u = h - -48. What is the tens digit of u?
5
What is the thousands digit of ((-122)/2 + 15/(-75))/(22/(-2805))?
7
Suppose z - 3 = 2*h + 5, 2*z + 5*h - 43 = 0. What is the hundreds digit of (-4 + z)*74/2?
3
Let v be -8*(-2 - (-21)/12) - 0. Suppose 2*o + 4 = -3*h, 3*o + 1 + 0 = -v*h. What is the units digit of 2 + 81/o*(-7 - -8)?
3
Let d be -4*(-2)/(12/(-21)). Let k(r) = 16*r**2 - 8*r + 11. Let h be k(1). Let o = h - d. What is the units digit of o?
3
Suppose 0 = 14*w - 83*w + 791223. What is the ten thousands digit of w?
1
Suppose 2*z = -2*s + 126, 0*s + 3*s - 186 = -4*z. Let p = s + -61. Suppose -205 - 285 = -p*j. What is the tens digit of j?
9
Let o(u) = 5*u**3 + 11*u**2 - 2*u - 32. Let q(n) = -n**3 - 2*n**2. Let f(w) = -o(w) - 6*q(w). What is the units digit of f(8)?
4
Let f(z) = z**3 + 9*z**2 - 14*z + 22. Let n be -4 - (4 - (3 + -4)). What is the hundreds digit of f(n)?
1
Let x(u) = u**3 - 27*u**2 - 15*u - 25. Let f be x(26). Let i = -285 - f. What is the tens digit of i?
0
Let y(n) = -n**3 - 6*n**2 - 11*n - 9. Let h be y(-4). Suppose -5*j = -4*u + 278, -2*u + 63 = h*j - 65. What is the units digit of u?
7
Let g be -3 + 2 - (0 + 0). Let y(n) = -28*n + 2. Let b be y(g). Let z = b + -9. What is the tens digit of z?
2
Let y(q) = q**2 - 6*q + 5. Let b be y(-8). Suppose 8*f - b = 5*f. Suppose 23 = l + 2*g - 31, -5*g + f = l. What is the units digit of l?
4
Let x(d) be the second derivative of 14*d**3/3 + 69*d**2 - d + 36. What is the tens digit of x(5)?
7
Let n(y) = -2*y**2 - 4*y + 68. Let j be n(-7). What is the tens digit of ((-408)/20 + j)/((-2)/90)?
0
Suppose r = -2*l + 9, -2*r + 5*l = -0*l + 18. Let y be 36/3*(5/4 - r). Suppose m = -0*m - 5*n + 102, -y*m = 3*n - 258. What is the tens digit of m?
8
Let o be (2 + 0)*(3 - -178). Suppose 5*i - 4*w - 1456 = i, -i + o = -3*w. What is the hundreds digit of i?
3
What is the units digit of (1 - -7 - 10) + -5 - -14924?
7
Suppose 39*u = 44636 + 179575. What is the thousands digit of u?
5
Let p(h) = -h**2 + 14*h - 20. Let y be p(12). Suppose -3*l - k = 0, y*l + k = 5*k. Suppose l = -4*a + 7*a - 21. What is the units digit of a?
7
Let n(s) = -s**3 + 9*s**2 + 2*s + 10. Let a be n(7). Let u be 4 + (-62)/15 + 28/(-15). What is the hundreds digit of -4 + (a - (0 - u))?
1
Suppose -34865 - 144885 = -25*x. What is the thousands digit of x?
7
Suppose 15*i = 9*i - 540. Let d be (1 - 2/(-3))/((-6)/i). Suppose -d*c + 424 = -21*c. What is the hundreds digit of c?
1
Suppose 7*m + 72 = 15*m. Suppose h - 101 = -s, -m*h = -10*h + 5*s + 119. What is the tens digit of h?
0
What is the thousands digit of (-1)/8 + ((-78)/208)/(6/(-908402))?
6
Suppose 16*q - 232701 - 66387 = 0. What is the ten thousands digit of q?
1
What is the units digit of (-550)/(-4)*(28368/20)/9?
0
Let v = 14570 + 31202. What is the hundreds digit of v?
7
Let p(l) = -4*l**2 + 13*l + 4. Let x be p(4). What is the units digit of (2/5)/(x/(-11840)*4)?
8
Suppose 5*c + 2*m = 1032, -5*c + 2*m + 1048 = -0*c. Let a = c - -99. What is the tens digit of a?
0
Let o = 7 - 6. Suppose -4*a - 2 = -5*d, 1 + 10 = -a - 4*d. What is the units digit of (-10 + a)/((1/(-3))/o)?
9
Suppose 0 = 8*d - 807 - 609. Suppose -5*u + d = g + 15, 3*u = g - 162. What is the hundreds digit of g?
1
Let y(m) = 7*m**2 - 17. Let w = -219 - -215. What is the tens digit of y(w)?
9
Let n(x) be the first derivative of 2*x**3/3 + 5*x**2 + x + 35. Let f(a) = -8*a**3 + a**2 + a - 1. Let o be f(1). What is the tens digit of n(o)?
2
Suppose 19*y - 65496 - 11150 = 0. Suppose y = 10*w + 1474. What is the hundreds digit of w?
2
Let k(j) = 7*j + 29. Let t be k(-4). Let u be (-32)/(-24)*3/t. Suppose 5*d - 5*y = -y + 694, 4*y = -u*d + 548. What is the tens digit of d?
3
Let l be (-1 + (-228)/(-8))*(1 - -9). Suppose -p = -2*h - 55, -5*h - l = p - 6*p. Let v = p - -24. What is the tens digit of v?
7
Let c = -33331 + 52435. What is the hundreds digit of c?
1
Let f(c) = -2712*c - 591. What is the hundreds digit of f(-5)?
9
Let p = -143 + -420. Suppose -1081 - 3040 = 13*m. Let k = m - p. What is the tens digit of k?
4
Let u be (-12)/42 - ((-2804)/14 + 0). Suppose -u = 57*a - 59*a. What is the units digit of a?
0
Let n(j) = -2240*j**3 - j**2 - 2*j - 2. Let d be n(-1). Suppose 3*y = 2*h + 309 + d, 0 = -2*y + h + 1700. What is the hundreds digit of y?
8
Let j(v) = 22*v + 38*v - 4*v - 20*v + 36*v - 466. What is the units digit of j(13)?
0
Suppose 0 = 5*v - 2*p - 14030, -11*p = -16*p. What is the tens digit of v?
0
Let g(c) = c**2 + 6*c + 2. Let y be (25/(-15) - -2)/(2/72). Let h be (90/y)/((-4)/8). What is the hundreds digit of g(h)?
1
Suppose 0 = b + 7 - 18. Let c = b - 12. What is the units digit of 7 - -2*c/2?
6
Let p = 53614 + -33371. What is the tens digit of p?
4
Suppose 12 + 15 = 3*h. Suppose -h*d + d = -3240. Suppose -5*u = -40 - d. What is the units digit of u?
9
Let n = -4417 + 5637. What is the hundreds digit of n?
2
Let p be 207 - (-54)/(-81)*18/(-4). What is the units digit of 6*(-12 - 1)/((-21)/p)?
0
Let g = -108418 - -183898. What is the thousands digit of g?
5
Let y(o) = -2*o**3 + 31*o**2 - 8*o - 10. Let l be y(14). Suppose -p = -2*p + k + 223, 2*k - l = -2*p. What is the units digit of p?
8
Suppose -2834 + 17371 = w - 1371. What is the units digit of w?
8
What is the thousands digit of 1393251/105 + 7 + (-3952)/560?
3
Suppose 0 = -f + 1, -4*f + 14 = -10*v + 11*v. Suppose v*h - 1379 = 321. What is the tens digit of h?
7
Let h be (13501 + -6)/5 - 1. Let i(j) = j**3 - 10*j**2 - 11*j + 16. Let y be i(11). Suppose 3*n - h = -y*n. What is the tens digit of n?
4
Suppose 28*w - 70273 - 110383 = 0. What is the units digit of w?
2
Suppose 0 = 6*s - 2*s + 6*s. Suppose 22*r - 6020 - 17036 